hat is p(-3)?
12
Let i(m) = 343*m**2 - 73*m. Determine i(-1).
416
Let f(i) = 17*i**2 - 1635*i - 1397. What is f(97)?
-39
Let z(a) = -645*a**2 + 5467*a - 11202. Give z(5).
8
Let s(l) = 989*l**2 - 6151*l - 5373. Calculate s(7).
31
Let v(r) = 110*r + 1851. Calculate v(-18).
-129
Let r(k) = 46*k**3 - 4*k**2 - 17*k - 51. What is r(-3)?
-1278
Let d(q) = 753*q + 36152. Give d(-48).
8
Let k(w) = 815*w**2 - 82*w + 83. What is k(1)?
816
Let z(x) = 2*x**2 + 11116*x - 22238. Determine z(2).
2
Let k(g) = 2*g**3 + 394*g**2 - 804*g - 1614. What is k(-199)?
-22
Let k(s) = -7160*s + 250882. Give k(35).
282
Let z(s) = 24*s**3 + 450*s**2 - 113*s + 16. Give z(-19).
-3
Let r(z) = z**3 + 26*z**2 - 152*z - 4333. Calculate r(-25).
92
Let h(b) = -b**2 + 1138*b - 162884. What is h(168)?
76
Let b(t) = -t**3 + 16*t**2 - 183*t - 459. Determine b(9).
-1539
Let k(u) = 644*u**2 - 3804*u - 298. Determine k(6).
62
Let z(q) = 100*q**2 - 2837*q + 6062. Give z(26).
-100
Let p(k) = 42182*k - 1687286. Determine p(40).
-6
Let m(x) = -5572*x - 557057. What is m(-100)?
143
Let l(u) = -2*u**2 + 46*u - 311. What is l(24)?
-359
Let t(h) = 3266*h - 13028. Calculate t(4).
36
Let h(c) = 1845*c + 3707. Give h(-2).
17
Let y(l) = l**2 + 557*l - 100125. Determine y(143).
-25
Let a(b) = 33013*b + 132452. What is a(-4)?
400
Let b(r) = r**3 + 18*r**2 - 39*r + 1022. Determine b(-23).
-726
Let x(w) = -1089*w + 5673. Calculate x(5).
228
Let g(o) = -534973*o + 2674871. Determine g(5).
6
Let g(i) = -11*i**2 - 33*i - 30. Determine g(0).
-30
Let n(u) = 4*u**3 - 2017*u**2 + 158320*u + 1237. What is n(407)?
16
Let w(z) = -5*z**3 - 909*z**2 - 4493*z - 367. Calculate w(-5).
-2
Let g(j) = j**3 - 12*j**2 + 13295*j - 119414. Give g(9).
-2
Let s(x) = -5*x**2 - 205*x + 3174. Give s(12).
-6
Let o(d) = 54*d - 7855. Give o(147).
83
Let x(p) = -5696*p + 90504. Calculate x(16).
-632
Let p(y) = 2*y**3 + 112*y**2 + 464*y - 30910. Give p(-28).
2
Let a(i) = -i**3 - 163*i**2 + 495*i - 1314. What is a(-166)?
-816
Let p(c) = 4*c**3 - 196*c**2 + 1044*c - 526. What is p(43)?
-10
Let y(q) = -2*q**2 + 1114*q + 5606. Calculate y(-5).
-14
Let u(y) = -3*y**3 - 122*y**2 - 474*y + 6993. Calculate u(-34).
-11
Let n(x) = -212*x - 2413. What is n(-10)?
-293
Let h(k) = 82*k**2 - 2891*k + 822. Determine h(35).
87
Let d(g) = 233*g**2 + 50423*g + 20515. Calculate d(-216).
-5
Let y(b) = 433546*b - 12139293. What is y(28)?
-5
Let a(j) = -3272*j - 13111. Calculate a(-4).
-23
Let w(s) = -13*s**2 + 2752*s + 12100. What is w(216)?
4
Let p(d) = d**2 + 2744*d - 116890. What is p(42)?
122
Let z(q) = -372*q**3 - 10*q**2 + 215*q + 226. Give z(-1).
373
Let p(f) = -2*f**2 - 4825*f + 176240. Give p(36).
-52
Let f(r) = 39116*r - 391494. Give f(10).
-334
Let q(c) = -785*c - 112139. What is q(-143)?
116
Let c(w) = -5846*w + 29011. Give c(5).
-219
Let j(n) = -n**2 + 733*n - 114605. Calculate j(226).
-23
Let n(l) = -7179*l + 3079787. Give n(429).
-4
Let u(v) = -6954*v - 187777. What is u(-27)?
-19
Let a(p) = 11*p**3 - 72*p**2 - 22*p + 142. Calculate a(8).
990
Let g(j) = -2926965*j - 26342684. Give g(-9).
1
Let q(c) = 6*c**3 - 62*c - 131. Determine q(-2).
-55
Let z(f) = f**2 + 2040*f + 24316. Give z(-12).
-20
Let m(k) = -4365*k - 170234. Give m(-39).
1
Let j(a) = -2*a**3 - 116*a**2 + 201*a - 114. What is j(-60)?
2226
Let o(d) = -1258*d + 19896. Give o(16).
-232
Let w(g) = -22*g**3 + 251*g**2 + 9*g + 5. What is w(11)?
1193
Let a(s) = 732*s + 172914. What is a(-236)?
162
Let y(p) = -131919*p + 1582928. Determine y(12).
-100
Let c(a) = -126670*a + 380034. Determine c(3).
24
Let d(j) = 2*j**3 + 54*j**2 - j - 1017. Determine d(-27).
-990
Let k(y) = y**3 - 51*y**2 - 142*y - 1004. Determine k(54).
76
Let h(j) = -15*j**2 + 19871*j + 145192. Calculate h(1332).
4
Let x(u) = 28*u**2 - 4668*u + 3622. What is x(166)?
302
Let p(k) = 11*k**3 + 69*k**2 - 376*k - 442. Calculate p(-1).
-8
Let i(m) = -281*m - 1468. Calculate i(-8).
780
Let y(l) = 934*l - 124214. Give y(133).
8
Let h(v) = 94417*v + 2077170. Calculate h(-22).
-4
Let c(g) = -50*g**2 - 9998*g - 9595. What is c(-199)?
-43
Let k(x) = -29*x**3 + 25001*x**2 - 2464*x - 105174. Determine k(862).
-10
Let i(r) = 17*r - 2818. What is i(149)?
-285
Let p(k) = -4*k**3 - 6*k**2 - 185*k + 1186. What is p(6)?
-1004
Let d(z) = -1042*z + 34928. Give d(33).
542
Let x(c) = -c**2 + 25072*c - 225567. What is x(9)?
0
Let j(x) = -5*x**2 + 178*x - 618. Give j(4).
14
Let f(q) = 246*q + 922. What is f(-6)?
-554
Let m(c) = 4*c**3 + 58*c**2 + 178*c + 123. What is m(-1)?
-1
Let s(g) = 18*g**2 - 512. Determine s(0).
-512
Let o(n) = -3*n**3 - 54*n**2 + 89*n + 715. Determine o(-19).
107
Let m(a) = -20*a**3 + 312*a**2 + 17*a - 165. Determine m(15).
2790
Let o(v) = 4*v**3 + 29*v**2 + 118*v + 101. What is o(-4)?
-163
Let z(g) = 242077*g - 3631166. What is z(15)?
-11
Let g(i) = -i**3 + 27*i**2 + 691*i - 220. Determine g(43).
-91
Let s(d) = 6224*d - 112021. Give s(18).
11
Let l(b) = -3*b**3 + 43*b**2 + 238*b - 5. What is l(0)?
-5
Let o(g) = -5*g**3 - 19*g**2 - 35*g - 206. Determine o(-7).
823
Let i(t) = t**3 + 50*t**2 - 544*t - 536. Give i(-59).
231
Let j(d) = -d**3 - 80453*d**2 - 160894*d + 11. What is j(-2)?
-5
Let l(b) = 315*b + 2229. Determine l(-8).
-291
Let h(v) = 2*v**3 + 216*v**2 + 15*v + 1614. Calculate h(-108).
-6
Let d(g) = 2*g**3 - 79*g**2 + 251*g + 94. What is d(4)?
-38
Let t(n) = -19204*n - 153638. Calculate t(-8).
-6
Let q(m) = -m**3 - 69*m**2 + 354*m + 4527. Calculate q(-73).
1
Let i(z) = 65*z**3 + 987*z**2 + 3357*z - 34. Give i(-10).
96
Let i(b) = -b**3 - 10*b**2 + 303*b + 59. What is i(-23)?
-33
Let t(i) = -i**2 - 246*i + 24996. Determine t(79).
-679
Let d(j) = -898*j - 52985. What is d(-59)?
-3
Let l(z) = -9228*z + 62275. What is l(7)?
-2321
Let d(t) = -6*t**3 - 223*t**2 - 165*t - 4776. What is d(-37)?
-40
Let f(g) = -10466*g + 6112144. Give f(584).
0
Let y(f) = 12124*f + 24047. Calculate y(-2).
-201
Let l(y) = -34*y**2 + y - 3588. What is l(0)?
-3588
Let b(j) = -334*j + 14988. Calculate b(44).
292
Let d(p) = 341*p - 29679. Give d(88).
329
Let y(p) = -p**2 + 656*p + 15595. Calculate y(-23).
-22
Let t(c) = 5*c**2 - 1107*c + 7475. Determine t(7).
-29
Let i(s) = -49*s**2 - 762*s - 760. What is i(-1)?
-47
Let v(b) = -b**2 - 126*b - 1556. What is v(-118)?
-612
Let l(d) = d**3 - 54*d**2 + 295*d - 5549. Give l(50).
-799
Let m(l) = 290640*l - 1453204. What is m(5)?
-4
Let h(p) = 16112*p + 3995834. Determine h(-248).
58
Let w(g) = 18*g**3 + 304*g**2 - 123*g - 1510. What is w(-17)?
3
Let n(h) = 2*h**3 - 59*h**2 + 441*h - 11985. Give n(29).
-37
Let z(f) = 96809*f - 968048. Give z(10).
42
Let i(j) = 2*j**3 + 996*j**2 - 10211*j - 25914. Give i(-508).
-6
Let x(a) = 36*a**3 - 1075*a**2 - 175*a + 358. Calculate x(30).
-392
Let a(q) = 10125*q + 5457365. Calculate a(-539).
-10
Let l(w) = -2875*w + 398916. Give l(139).
-709
Let m(c) = -2*c**2 + 33*c - 1565. Determine m(25).
-1990
Let y(c) = c**3 + 12*c**2 - 76*c - 910. What is y(-12)?
2
Let c(o) = -270632*o + 1082563. Calculate c(4).
35
Let o(i) = -7*i**3 - 20*i**2 + 48*i. What is o(5)?
-1135
Let f(r) = 3*r**2 + 15331*r - 92068. What is f(6)?
26
Let j(o) = 1624*o - 78025. What is j(48)?
-73
Let n(v) = -8359*v**2 + 41810*v - 68. Determine n(5).
7
Let d(n) = -11*n**2 - 1456*n - 6225. Determine d(-128).
-81
Let t(g) = -g**3 - 27*g**2 - 43273*g - 7. Give t(0).
-7
Let o(t) = -t**3 - 17*t**2 - 421*t - 5314. Determine o(-14).
-8
Let z(i) = -14541*i + 247144. Determine z(17).
-53
Let s(t) = 2*t**3 + 66*t**2 - 376*t + 549. What is s(3)?
69
Let g(k) = -43574*k + 9629853. Give g(221).
-1
Let z(m) = 1157*m**2 + 20996*m + 3078. Calculate z(-18).
18
Let p(t) = 16176*t - 258829. Calculate p(16).
-13
Let o(s) = -196233*s - 3139785. Give o(-16).
-57
Let g(o) = -227*o + 4461. What is g(24)?
-987
Let x(v) = 7*v**3 + 429*v**2 - 39*v - 9831. Determine x(-61).
-10
Let d(h) = 2120*h - 109904. What is d(52)?
336
Let o(d) = d**3 + 8019*d**2 + 215784*d - 138. What is o(-27)?
-138
Let t(s) = -18*s**2 - 329*s - 46. What is t(-18)?
44
Let k(j) = -5*j**2 - 56*j - 27. Give k(0).
-27
Let u(s) = s**3 + 104*s**2 + 318*s + 1465. What is u(-101)?
-50
Let s(g) = 41*g**2 + 521*g + 1637. Calculate s(-7).
-1
Let g(t) = -16*t**2 + 7473*t - 516. Determine g(467).
-49
Let m(l) = -64*l + 1727. What is m(26)?
63
Let s(c) = -c**3 - 36*c**2 + 